{"id":11139,"date":"2024-10-23T11:29:11","date_gmt":"2024-10-23T11:29:11","guid":{"rendered":"https:\/\/arquipelagocentrodeartes.azores.gov.pt\/?page_id=11139"},"modified":"2024-10-23T11:50:41","modified_gmt":"2024-10-23T11:50:41","slug":"politica-de-privacidade","status":"publish","type":"page","link":"https:\/\/arquipelagocentrodeartes.azores.gov.pt\/pt\/arquipelago-2\/centro-de-artes\/politica-de-privacidade\/","title":{"rendered":"Pol\u00edtica de privacidade"},"content":{"rendered":"<p>Como e para que fins os seus dados pessoais s\u00e3o utilizados?<\/p>\r\n<p><strong>O Arquip\u00e9lago \u2013 Centro de Artes Contempor\u00e2neas <\/strong>utiliza a informa\u00e7\u00e3o recolhida, atrav\u00e9s dos formul\u00e1rios de contacto, para facilitar a gest\u00e3o a n\u00edvel de funcionalidades fornecidas no website, para fins hist\u00f3ricos e estat\u00edsticos, obriga\u00e7\u00f5es legais, controle da qualidade de servi\u00e7o e para contactos futuros.<\/p>\r\n<p>Utilizamos a informa\u00e7\u00e3o recolhida para adequar os nossos servi\u00e7os aos nossos utilizadores, para o envio de informa\u00e7\u00f5es, divulga\u00e7\u00f5es atrav\u00e9s de e-mail ou chamada telef\u00f3nica. Esta comunica\u00e7\u00e3o \u00e9 relativa aos eventos e atividades promovidas pelo\u00a0<strong>Arquip\u00e9lago \u2013 Centro de Artes Contempor\u00e2neas<\/strong>.<\/p>\r\n<p>Para al\u00e9m disso, s\u00e3o recolhidos dados relativos ao seu endere\u00e7o IP e navegador para fins anal\u00edticos, que s\u00e3o partilhados com a plataforma Google Analytics.<\/p>\r\n<p>N\u00e3o existem consequ\u00eancias para quem n\u00e3o as fornecer.<\/p>\r\n<p>&nbsp;<\/p>\r\n<p>Quem \u00e9 o respons\u00e1vel pela informa\u00e7\u00e3o?<\/p>\r\n<p><strong>O Arquip\u00e9lago \u2013 Centro de Artes Contempor\u00e2neas <\/strong>\u00e9 o respons\u00e1vel pelos dados recolhidos que s\u00e3o tratados informaticamente. Para garantir a seguran\u00e7a dos seus dados e a m\u00e1xima confidencialidade, tratamos a informa\u00e7\u00e3o que nos forneceu de forma absolutamente confidencial, de acordo com as nossas pol\u00edticas e procedimentos internos de seguran\u00e7a e confidencialidade e n\u00e3o partilhamos os seus dados com terceiros para fins comerciais.<\/p>\r\n<p>No caso de dados recolhidos para fins de inscri\u00e7\u00e3o em eventos, os seus dados s\u00e3o partilhados com o organizador do mesmo, para fins log\u00edsticos.<\/p>\r\n<p>O titular dos dados pode apresentar reclama\u00e7\u00e3o \u00e0 autoridade de controlo \u2013 a Comiss\u00e3o Nacional de Prote\u00e7\u00e3o de Dados.<\/p>\r\n<p>&nbsp;<\/p>\r\n<p>Submiss\u00e3o de coment\u00e1rios<\/p>\r\n<p>Quando os visitantes deixam coment\u00e1rios no site, s\u00e3o guardados os dados presentes no formul\u00e1rio dos coment\u00e1rios, bem como o endere\u00e7o de IP e o agente do utilizador do navegador, para ajudar com a dete\u00e7\u00e3o de spam.<\/p>\r\n<p>&nbsp;<\/p>\r\n<p>Carregamento de ficheiros multim\u00e9dia<\/p>\r\n<p>Ao carregar imagens para o site, deve evitar carregar imagens com dados incorporados de geolocaliza\u00e7\u00e3o (EXIF GPS). Os visitantes podem descarregar e extrair os dados de geolocaliza\u00e7\u00e3o das imagens do site.<\/p>\r\n<p>&nbsp;<\/p>\r\n<p>Utiliza\u00e7\u00e3o de cookies<\/p>\r\n<p>Se deixar um coment\u00e1rio no nosso site pode optar por guardar o seu nome, endere\u00e7o de email e site nos cookies. Isto \u00e9 para sua conveni\u00eancia para n\u00e3o ter de preencher novamente os seus dados quando deixar outro coment\u00e1rio. Estes cookies durar\u00e3o um ano.<\/p>\r\n<p>Se tem uma conta e iniciar sess\u00e3o neste site, ser\u00e1 configurado um cookie tempor\u00e1rio para determinar se o seu navegador aceita cookies. Este cookie n\u00e3o cont\u00e9m dados pessoais e ser\u00e1 eliminado ao fechar o seu navegador.<\/p>\r\n<p>Ao iniciar a sess\u00e3o, ser\u00e3o configurados alguns cookies para guardar a sua informa\u00e7\u00e3o de sess\u00e3o e as suas escolhas de visualiza\u00e7\u00e3o de ecr\u00e3. Os cookies de in\u00edcio de sess\u00e3o duram um ano. Se selecionar <em>\u201cLembrar-me\u201d<\/em>, a sua sess\u00e3o ir\u00e1 persistir durante duas semanas. Ao terminar a sess\u00e3o, os cookies de inicio de sess\u00e3o ser\u00e3o removidos.<\/p>\r\n<p>Se editar ou publicar um artigo, ser\u00e1 guardado no seu navegador um cookie adicional. Este cookie n\u00e3o inclui dados pessoais apenas indica o ID de conte\u00fado do artigo que acabou de editar. Expira ao fim de 1 dia.<\/p>\r\n<p>&nbsp;<\/p>\r\n<p>Conte\u00fado incorporado de outros sites<\/p>\r\n<p>Os artigos neste site podem incluir conte\u00fado incorporado (por exemplo: v\u00eddeos, imagens, artigos, etc.). O conte\u00fado incorporado de outros sites comporta-se tal como se o utilizador visitasse esses sites.<\/p>\r\n<p>Este site pode recolher dados sobre si, usar cookies, incorporar rastreio feito por terceiros, monitorizar as suas intera\u00e7\u00f5es com o mesmo, incluindo registar as intera\u00e7\u00f5es com conte\u00fado incorporado se tiver uma conta e estiver com sess\u00e3o iniciada nesse site.<\/p>\r\n<p>&nbsp;<\/p>\r\n<p>Como s\u00e3o protegidos os seus dados?<\/p>\r\n<p>Garantimos a seguran\u00e7a de seus dados pessoais, fornecendo prote\u00e7\u00e3o aprimorada por meio do uso de medidas de seguran\u00e7a t\u00e9cnicas e organizacionais espec\u00edficas para evitar que seus dados pessoais sejam usados \u200b\u200bilegalmente ou de forma fraudulenta.<\/p>\r\n<p>Garantimos que seus dados pessoais n\u00e3o sejam divulgados, deturpados, danificados \/ alterados ou terceiros n\u00e3o autorizados tenham acesso a eles.<\/p>\r\n<p>&nbsp;<\/p>\r\n<p>Quem posso contactar para aceder, retificar ou apagar os dados?<\/p>\r\n<p>Os nossos utilizadores e visitantes t\u00eam diferentes preocupa\u00e7\u00f5es de privacidade e podem a qualquer momento rever, atualizar e decidir que tipo de dados pretendem ver guardados. O Encarregado pelos Dados pode ser contactado diretamente atrav\u00e9s do e-mail ou por correio, a quem poder\u00e1 solicitar a qualquer momento a c\u00f3pia dos dados que lhe digam respeito, a retirada do consentimento, a retifica\u00e7\u00e3o, o apagamento, a limita\u00e7\u00e3o, a portabilidade e a oposi\u00e7\u00e3o ao tratamento dos mesmos. A retirada posterior de consentimento n\u00e3o compromete a legalidade do tratamento realizado com base neste consentimento.<\/p>\r\n<p>&nbsp;<\/p>\r\n<p>Rua Adolfo Coutinho de Medeiros, S\/N<br \/>9600-516 Ribeira Grande<\/p>\r\n<p><u><a href=\"mailto:acacinfo@azores.gov.pt\">acacinfo@azores.gov.pt<\/a><\/u><\/p>\r\n<p>&nbsp;<\/p>\r\n<p>Por quanto tempo s\u00e3o os dados armazenados?<\/p>\r\n<p>Os dados pessoais s\u00e3o mantidos at\u00e9 se esgotar o fim a que se destinam, n\u00e3o tendo sido definido um limite temporal para o mesmo. Caso pretenda remover a sua informa\u00e7\u00e3o da nossa base de dados, contacte-nos.<\/p>\r\n<p>&nbsp;<\/p>","protected":false},"excerpt":{"rendered":"<p>Como e para que fins os seus dados pessoais s\u00e3o utilizados? O Arquip\u00e9lago \u2013 Centro de Artes Contempor\u00e2neas utiliza a informa\u00e7\u00e3o recolhida, atrav\u00e9s dos formul\u00e1rios de contacto, para facilitar a gest\u00e3o a n\u00edvel de funcionalidades fornecidas no website, para fins hist\u00f3ricos e estat\u00edsticos, obriga\u00e7\u00f5es legais, controle da qualidade de servi\u00e7o e para contactos futuros. Utilizamos [&hellip;]<\/p>\n","protected":false},"author":14,"featured_media":0,"parent":538,"menu_order":0,"comment_status":"closed","ping_status":"closed","template":"","meta":{"_acf_changed":false,"_monsterinsights_skip_tracking":false,"_monsterinsights_sitenote_active":false,"_monsterinsights_sitenote_note":"","_monsterinsights_sitenote_category":0,"_uf_show_specific_survey":0,"_uf_disable_surveys":false,"footnotes":""},"class_list":["post-11139","page","type-page","status-publish","hentry"],"acf":[],"_links":{"self":[{"href":"https:\/\/arquipelagocentrodeartes.azores.gov.pt\/pt\/wp-json\/wp\/v2\/pages\/11139","targetHints":{"allow":["GET"]}}],"collection":[{"href":"https:\/\/arquipelagocentrodeartes.azores.gov.pt\/pt\/wp-json\/wp\/v2\/pages"}],"about":[{"href":"https:\/\/arquipelagocentrodeartes.azores.gov.pt\/pt\/wp-json\/wp\/v2\/types\/page"}],"author":[{"embeddable":true,"href":"https:\/\/arquipelagocentrodeartes.azores.gov.pt\/pt\/wp-json\/wp\/v2\/users\/14"}],"replies":[{"embeddable":true,"href":"https:\/\/arquipelagocentrodeartes.azores.gov.pt\/pt\/wp-json\/wp\/v2\/comments?post=11139"}],"version-history":[{"count":2,"href":"https:\/\/arquipelagocentrodeartes.azores.gov.pt\/pt\/wp-json\/wp\/v2\/pages\/11139\/revisions"}],"predecessor-version":[{"id":12124,"href":"https:\/\/arquipelagocentrodeartes.azores.gov.pt\/pt\/wp-json\/wp\/v2\/pages\/11139\/revisions\/12124"}],"up":[{"embeddable":true,"href":"https:\/\/arquipelagocentrodeartes.azores.gov.pt\/pt\/wp-json\/wp\/v2\/pages\/538"}],"wp:attachment":[{"href":"https:\/\/arquipelagocentrodeartes.azores.gov.pt\/pt\/wp-json\/wp\/v2\/media?parent=11139"}],"curies":[{"name":"wp","href":"https:\/\/api.w.org\/{rel}","templated":true}]}}

Política de privacidade

<p>Como e para que fins os seus dados pessoais são utilizados?</p>
<p><strong>O Arquipélago – Centro de Artes Contemporâneas </strong>utiliza a informação recolhida, através dos formulários de contacto, para facilitar a gestão a nível de funcionalidades fornecidas no website, para fins históricos e estatísticos, obrigações legais, controle da qualidade de serviço e para contactos futuros.</p>
<p>Utilizamos a informação recolhida para adequar os nossos serviços aos nossos utilizadores, para o envio de informações, divulgações através de e-mail ou chamada telefónica. Esta comunicação é relativa aos eventos e atividades promovidas pelo <strong>Arquipélago – Centro de Artes Contemporâneas</strong>.</p>
<p>Para além disso, são recolhidos dados relativos ao seu endereço IP e navegador para fins analíticos, que são partilhados com a plataforma Google Analytics.</p>
<p>Não existem consequências para quem não as fornecer.</p>
<p>&nbsp;</p>
<p>Quem é o responsável pela informação?</p>
<p><strong>O Arquipélago – Centro de Artes Contemporâneas </strong>é o responsável pelos dados recolhidos que são tratados informaticamente. Para garantir a segurança dos seus dados e a máxima confidencialidade, tratamos a informação que nos forneceu de forma absolutamente confidencial, de acordo com as nossas políticas e procedimentos internos de segurança e confidencialidade e não partilhamos os seus dados com terceiros para fins comerciais.</p>
<p>No caso de dados recolhidos para fins de inscrição em eventos, os seus dados são partilhados com o organizador do mesmo, para fins logísticos.</p>
<p>O titular dos dados pode apresentar reclamação à autoridade de controlo – a Comissão Nacional de Proteção de Dados.</p>
<p>&nbsp;</p>
<p>Submissão de comentários</p>
<p>Quando os visitantes deixam comentários no site, são guardados os dados presentes no formulário dos comentários, bem como o endereço de IP e o agente do utilizador do navegador, para ajudar com a deteção de spam.</p>
<p>&nbsp;</p>
<p>Carregamento de ficheiros multimédia</p>
<p>Ao carregar imagens para o site, deve evitar carregar imagens com dados incorporados de geolocalização (EXIF GPS). Os visitantes podem descarregar e extrair os dados de geolocalização das imagens do site.</p>
<p>&nbsp;</p>
<p>Utilização de cookies</p>
<p>Se deixar um comentário no nosso site pode optar por guardar o seu nome, endereço de email e site nos cookies. Isto é para sua conveniência para não ter de preencher novamente os seus dados quando deixar outro comentário. Estes cookies durarão um ano.</p>
<p>Se tem uma conta e iniciar sessão neste site, será configurado um cookie temporário para determinar se o seu navegador aceita cookies. Este cookie não contém dados pessoais e será eliminado ao fechar o seu navegador.</p>
<p>Ao iniciar a sessão, serão configurados alguns cookies para guardar a sua informação de sessão e as suas escolhas de visualização de ecrã. Os cookies de início de sessão duram um ano. Se selecionar <em>“Lembrar-me”</em>, a sua sessão irá persistir durante duas semanas. Ao terminar a sessão, os cookies de inicio de sessão serão removidos.</p>
<p>Se editar ou publicar um artigo, será guardado no seu navegador um cookie adicional. Este cookie não inclui dados pessoais apenas indica o ID de conteúdo do artigo que acabou de editar. Expira ao fim de 1 dia.</p>
<p>&nbsp;</p>
<p>Conteúdo incorporado de outros sites</p>
<p>Os artigos neste site podem incluir conteúdo incorporado (por exemplo: vídeos, imagens, artigos, etc.). O conteúdo incorporado de outros sites comporta-se tal como se o utilizador visitasse esses sites.</p>
<p>Este site pode recolher dados sobre si, usar cookies, incorporar rastreio feito por terceiros, monitorizar as suas interações com o mesmo, incluindo registar as interações com conteúdo incorporado se tiver uma conta e estiver com sessão iniciada nesse site.</p>
<p>&nbsp;</p>
<p>Como são protegidos os seus dados?</p>
<p>Garantimos a segurança de seus dados pessoais, fornecendo proteção aprimorada por meio do uso de medidas de segurança técnicas e organizacionais específicas para evitar que seus dados pessoais sejam usados ​​ilegalmente ou de forma fraudulenta.</p>
<p>Garantimos que seus dados pessoais não sejam divulgados, deturpados, danificados / alterados ou terceiros não autorizados tenham acesso a eles.</p>
<p>&nbsp;</p>
<p>Quem posso contactar para aceder, retificar ou apagar os dados?</p>
<p>Os nossos utilizadores e visitantes têm diferentes preocupações de privacidade e podem a qualquer momento rever, atualizar e decidir que tipo de dados pretendem ver guardados. O Encarregado pelos Dados pode ser contactado diretamente através do e-mail ou por correio, a quem poderá solicitar a qualquer momento a cópia dos dados que lhe digam respeito, a retirada do consentimento, a retificação, o apagamento, a limitação, a portabilidade e a oposição ao tratamento dos mesmos. A retirada posterior de consentimento não compromete a legalidade do tratamento realizado com base neste consentimento.</p>
<p>&nbsp;</p>
<p>Rua Adolfo Coutinho de Medeiros, S/N<br />9600-516 Ribeira Grande</p>
<p><u><a href="mailto:acacinfo@azores.gov.pt">acacinfo@azores.gov.pt</a></u></p>
<p>&nbsp;</p>
<p>Por quanto tempo são os dados armazenados?</p>
<p>Os dados pessoais são mantidos até se esgotar o fim a que se destinam, não tendo sido definido um limite temporal para o mesmo. Caso pretenda remover a sua informação da nossa base de dados, contacte-nos.</p>
<p>&nbsp;</p>

<p>Como e para que fins os seus dados pessoais são utilizados? O Arquipélago – Centro de Artes Contemporâneas utiliza a informação recolhida, através dos formulários de contacto, para facilitar a gestão a nível de funcionalidades fornecidas no website, para fins históricos e estatísticos, obrigações legais, controle da qualidade de serviço e para contactos futuros. Utilizamos [&hellip;]</p>
